0
Let l = -1 - -19. What is the highest common factor of l and 18?
18
Let x(g) = 4*g**3 + g**2 - 3*g + 3. Let y be x(2). Suppose m - y = -2*m. Suppose 5*p + 4*a = 253 - m, a = 3. Calculate the highest common divisor of p and 23.
23
Let r be (-15)/5 - (-7 - 0). Suppose -r = -3*a + 8. Let f(i) = i**3 + i**2 - i - 2. Let k be f(2). What is the highest common divisor of a and k?
4
Let k(l) = l**2 + 4*l - 7. Let j be k(9). What is the greatest common factor of 22 and j?
22
Let w(i) be the first derivative of -i**3/3 + 5*i**2/2 + 8*i + 3. Let z be w(6). Suppose -k - 3*k + 20 = 0. Calculate the greatest common factor of k and z.
1
Suppose -10*x + 452 + 428 = 0. Suppose -4*i + 8 = 3*j, -5*j + 12 = i - 24. What is the greatest common divisor of x and j?
8
Suppose -1 - 9 = -x. Suppose j - 13 + x = 0. Calculate the highest common divisor of j and 3.
3
Suppose 0 = s - 89 - 28. Calculate the highest common factor of s and 13.
13
Let v be (15/(-2))/(8/(-32)). Calculate the greatest common divisor of 6 and v.
6
Let p = 45 + -19. What is the greatest common divisor of p and 52?
26
Let g(s) = -12*s + 18*s**2 - 2 + 7*s + 5*s. Let f be g(2). Let k(d) = -d**3 + 5*d**2 + 3*d. Let v be k(4). Calculate the greatest common divisor of v and f.
14
Suppose 3*a - 4 = -3*z + 2, z - 2 = -4*a. Suppose -4*k = 0, 0*j + 44 = z*j + 4*k. Let f = -44 - -77. Calculate the greatest common factor of f and j.
11
Let m be 2/(-9) - (-1498)/18. Let p = 259 - m. Suppose 5*j - 80 = -5*h, 3*h + 3 + 45 = 3*j. Calculate the highest common factor of j and p.
16
Let k(l) = l**3 - 17*l**2 + 5*l + 16. Let h be k(17). Let w = -44 + h. Let u = 31 - 12. Calculate the greatest common divisor of u and w.
19
Let z(b) = b**2 - 4*b - 8. Let w = 12 - 6. Let c be z(w). Suppose 3*i = -4*p + 25, p - 17 = -p - 3*i. Calculate the greatest common divisor of c and p.
4
Let u(l) = 5 + 3*l + 1 - 4 - l. Let w be u(10). What is the greatest common factor of 11 and w?
11
Let d = 6 - 1. Suppose -18 - 7 = -d*v. Suppose 2*j + 70 = v*b + j, 60 = 3*b + 3*j. What is the greatest common factor of 3 and b?
3
Suppose -25*w + 29*w - 156 = 0. Suppose 5*c - 46 = -2*b, -3*c + 9 = 4*b - 55. Calculate the highest common divisor of b and w.
13
Let y be -2 + (-9)/(-4) - 1102/(-8). Calculate the highest common divisor of 6 and y.
6
Let y(w) = 13*w**2 + 13*w + 16. Let k(p) = -3*p**2 - 3*p - 4. Let q(t) = -9*k(t) - 2*y(t). Let j be q(0). Calculate the greatest common factor of 16 and j.
4
Let a be (-2)/9 - 33/(-27). Let j = -8 + 12. Suppose j*p + 15 = -0*x + 3*x, 4*x - 30 = 2*p. What is the highest common factor of x and a?
1
Suppose 39 - 13 = 2*a. What is the highest common factor of 52 and a?
13
Suppose 0 = 4*b - 182 + 14. Let p = -28 + b. Calculate the highest common divisor of 56 and p.
14
Let k be 8*(16/8 + 1/(-1)). What is the highest common factor of k and 32?
8
Let g = -56 - -24. Suppose -a = -4*a - 42. Let t = a - g. Calculate the highest common factor of t and 9.
9
Let r be (-2)/12 + (-4355)/(-30). Let l(t) = -t**3 - 4*t**2 + 7*t - 1. Let x be l(-6). What is the greatest common divisor of x and r?
29
Suppose 0 = 89*v - 86*v - 396. Calculate the highest common factor of 33 and v.
33
Let x(q) = -3*q**2 - 2*q - 1. Let m be x(-1). Let k be m/(-4) + 13/(-2). Let t be -1 + 9/(-6)*k. Calculate the greatest common factor of t and 4.
4
Let a(r) = -r**2 - 8*r - 9. Let z be a(-6). Suppose -18 = 2*t - z*t. Calculate the highest common factor of 9 and t.
9
Let m = 10 + -23. Let c = m + 23. Calculate the greatest common divisor of 70 and c.
10
Let k = -33 - -47. Suppose 4*v + 6 = k. Suppose 3*o - 21 = v*o. Calculate the greatest common factor of o and 84.
21
Let p(v) = 1 - 4*v + 0 - 2 - 2. Let g be p(-5). Calculate the greatest common divisor of g and 17.
17
Let k be ((-12)/(-42))/(2/14). Suppose -4*z - 17 + 49 = 0. What is the highest common factor of k and z?
2
Let t(i) = -8*i - 54. Let z be t(-24). What is the greatest common divisor of 46 and z?
46
Let i be -4 - (-65)/15 - (-53)/3. What is the greatest common factor of 54 and i?
18
Let g(a) = -a - 9. Let z = 4 + -13. Let h be g(z). Suppose 2*o - 16 = -2*w - 0*o, h = -4*w + 3*o + 11. What is the highest common divisor of 15 and w?
5
Let h(a) = -18*a - 4. Let f be h(-6). Calculate the greatest common divisor of 13 and f.
13
Let f = -454 + 1062. Suppose 4*y = 8*y - f. What is the greatest common factor of y and 19?
19
Suppose 8 + 6 = 2*p. Suppose 0 = 3*j + 2*k - 22, -4*j + 3 - p = -4*k. Suppose 3*f + 2*f = 100. Calculate the greatest common factor of j and f.
4
Let x be 18/(-4)*-6 - 0. Let q(d) = -d**2 + 0*d**2 + 3*d - 14*d. Let n be q(-9). What is the greatest common factor of n and x?
9
Let o be (-1)/(-4)*-2*-12. Let z be (4/o)/((-4)/(-150)). Suppose 4*c - 82 = 5*j + z, 0 = 2*c - 2*j - 54. Calculate the greatest common factor of c and 14.
14
Let b be 152 + (-2 - (-3 - -3)). Calculate the highest common divisor of b and 60.
30
Suppose 3*x - 19 = -0*x - a, -3*x + 17 = -a. Let b(v) = 13*v - 2. Let u be 2/(-2) - -3 - 0. Let f be b(u). What is the greatest common divisor of x and f?
6
Let l = -90 + 167. What is the greatest common divisor of l and 11?
11
Let s be (-3)/9 + 16/(-6). Let b be 21*(4 - (-9)/s). What is the highest common divisor of 231 and b?
21
Let u = 17 + -11. Let m be (-5)/3 - (-4)/u. Let q be ((-6)/12)/(m/12). What is the greatest common factor of q and 36?
6
Let x = 49 - 29. Calculate the greatest common divisor of 100 and x.
20
Let c(y) = -2 + 3*y**3 + y**2 + 8*y + 4*y - 13*y. Let s be c(2). Calculate the greatest common factor of s and 6.
6
Let m be ((2 - 1) + 1)*-7. Let s = 30 + m. Suppose u - s = -u. Calculate the highest common factor of u and 40.
8
Let n(z) = -3*z**3 - 2*z**2 + 6*z. Let x be n(-3). What is the greatest common factor of x and 18?
9
Suppose 3*r - 2*r - 28 = 0. What is the greatest common divisor of r and 42?
14
Let r(t) = t**2 - 2*t. Let s be r(3). Let f be s/21 - 1320/(-21). What is the greatest common divisor of 9 and f?
9
Let s(y) = 1 - 1 + 12*y. Let i be s(5). Let h(l) = l**2 - l + 20. Let c be h(0). Calculate the highest common divisor of i and c.
20
Suppose 0 = -2*x - 0*x + 4. Let a(w) = 0 - 2*w**x + 2 - 6 + w**3 - 4*w + 5*w. Let g be a(3). What is the greatest common divisor of g and 2?
2
Suppose 3*n - 27 = -3*b, 2*n + 0*n + 30 = 2*b. What is the greatest common factor of 6 and b?
6
Let l be (2/(-2))/(7/28). Let d = l - -5. Suppose 11 - 5 = 3*z. Calculate the greatest common divisor of z and d.
1
Suppose 66 = 6*x - 3*x. Calculate the highest common factor of 22 and x.
22
Suppose -7*o + 3*o = 0. Suppose -4*p + 4*y + 47 = -61, -3*p - 4*y + 60 = o. What is the greatest common factor of p and 16?
8
Suppose s = 3*k - 70, -15 = -4*k - 3. Let f = s + 27. Let y = 1 - f. Calculate the highest common divisor of y and 5.
5
Suppose 5*i + 20 - 85 = 0. What is the greatest common divisor of 13 and i?
13
Suppose 2*z - 20 = w - 6*w, 3*w + 19 = 5*z. Let f = 30 + -16. Let t be f/6 + w/3. What is the highest common factor of t and 9?
3
Let r be (12/(-5))/((-8)/20). Let p be 20/9 + 6/(-27). What is the highest common divisor of p and r?
2
Suppose 0 = 5*b - 2*y - 58, 0 = 4*y - 1 - 3. What is the highest common factor of b and 4?
4
Let t(q) = 11*q + 9. Let m be t(3). Calculate the greatest common factor of 14 and m.
14
Suppose -2*n = -9*n + 14. Calculate the greatest common divisor of n and 4.
2
Suppose 0 = w - 5*w - x + 19, 13 = 3*w + x. Suppose 0 + w = 2*o. What is the highest common divisor of o and 3?
3
Let i = 255 + -156. Let s(w) = 8*w**3 + 2*w**2 - 2*w + 1. Let t be s(1). Calculate the greatest common factor of t and i.
9
Suppose -6*n = -5*n - 30. Let o = 12 + 8. Let w = 40 - o. What is the highest common divisor of n and w?
10
Let c = -2 + 3. Let a = c + 12. What is the highest common factor of 13 and a?
13
Let l(x) = -x + 14. Let i be l(6). Suppose 0*t - 4*t + 3*r = -221, 2*t + 4*r - 116 = 0. Calculate the highest common factor of t and i.
8
Let d = -321 + 481. Let k = -12 - -32. Calculate the greatest common divisor of d and k.
20
Suppose 14*k - 5 = 13*k. Calculate the greatest common factor of k and 55.
5
Let a be (-1)/((-1)/(-61)*1). Let n = 193 + a. Calculate the greatest common divisor of 12 and n.
12
Let g(p) = p**2 - 5*p. Let c be g(11). Calculate